{"id":171,"date":"2014-10-24T11:30:58","date_gmt":"2014-10-24T11:30:58","guid":{"rendered":"https:\/\/xml-io.proteusthemes.com\/buildpress\/?page_id=171"},"modified":"2025-05-22T14:00:16","modified_gmt":"2025-05-22T12:00:16","slug":"o-spolocnosti","status":"publish","type":"page","link":"https:\/\/www.zaluziemm.sk\/index.php\/o-spolocnosti\/","title":{"rendered":"O SPLO\u010cNOSTI"},"content":{"rendered":"<div id=\"pl-171\"  class=\"panel-layout\" ><div id=\"pg-171-0\"  class=\"panel-grid panel-no-style\" ><div id=\"pgc-171-0-0\"  class=\"panel-grid-cell\" ><div id=\"panel-171-0-0-0\" class=\"so-panel widget widget_black-studio-tinymce widget_black_studio_tinymce panel-first-child panel-last-child\" data-index=\"0\" ><div class=\"textwidget\"><p data-start=\"149\" data-end=\"656\"><strong data-start=\"149\" data-end=\"170\">\u017dAL\u00daZIE MM s.r.o.<\/strong> je spo\u013eahliv\u00e1 spolo\u010dnos\u0165 s dlhoro\u010dnou trad\u00edciou v oblasti tienenia a exteri\u00e9rov\u00fdch rie\u0161en\u00ed. \u0160pecializujeme sa na <strong data-start=\"284\" data-end=\"379\">predaj, mont\u00e1\u017e a servis \u017eal\u00fazi\u00ed, roliet, siet\u00ed proti hmyzu, pergol a \u010fal\u0161\u00edch typov tienenia<\/strong>. Na\u0161a ponuka zah\u0155\u0148a \u0161irok\u00fd v\u00fdber <strong data-start=\"413\" data-end=\"449\">vn\u00fatorn\u00fdch aj vonkaj\u0161\u00edch \u017eal\u00fazi\u00ed<\/strong>, <strong data-start=\"451\" data-end=\"471\">screenov\u00e9 rolety<\/strong>, <strong data-start=\"473\" data-end=\"504\">hlin\u00edkov\u00e9 a l\u00e1tkov\u00e9 pergoly<\/strong>, ako aj praktick\u00e9 <strong data-start=\"523\" data-end=\"551\">rolovacie \u010di plis\u00e9 siete<\/strong>. Ka\u017ed\u00e9mu z\u00e1kazn\u00edkovi poskytujeme <strong data-start=\"585\" data-end=\"608\" data-is-only-node=\"\">odborn\u00e9 poradenstvo<\/strong>, n\u00e1vrh rie\u0161enia na mieru a prec\u00edznu realiz\u00e1ciu.<\/p>\n<p data-start=\"658\" data-end=\"1019\">S na\u0161imi produktmi dosiahnete <strong data-start=\"688\" data-end=\"738\">efekt\u00edvnu regul\u00e1ciu svetla, tepeln\u00e9ho komfortu<\/strong> a z\u00e1rove\u0148 zv\u00fd\u0161ite estetiku i funk\u010dnos\u0165 v\u00e1\u0161ho domova \u010di kancel\u00e1rie. Spolupracujeme s overen\u00fdmi v\u00fdrobcami a pou\u017e\u00edvame len <strong data-start=\"859\" data-end=\"895\">kvalitn\u00e9 certifikovan\u00e9 materi\u00e1ly<\/strong>. Pracujeme pre dom\u00e1cnosti, firmy aj develop\u00e9rov, pri\u010dom d\u00f4raz kladieme na <strong data-start=\"970\" data-end=\"1018\">individu\u00e1lny pr\u00edstup a spokojnos\u0165 z\u00e1kazn\u00edkov<\/strong>.<\/p>\n<p data-start=\"1021\" data-end=\"1256\">P\u00f4sob\u00edme v Pre\u0161ove, Ko\u0161iciach a okol\u00ed, no po dohode aj v r\u00e1mci cel\u00e9ho Slovenska. Sme pripraven\u00ed zrealizova\u0165 aj n\u00e1ro\u010dnej\u0161ie technick\u00e9 rie\u0161enia. <strong data-start=\"1164\" data-end=\"1224\">Zverte svoje tienenie profesion\u00e1lom zo \u017dAL\u00daZIE MM s.r.o.<\/strong> \u2013 spo\u013eahlivo, kvalitne a na\u010das.<\/p>\n<\/div><\/div><\/div><div id=\"pgc-171-0-1\"  class=\"panel-grid-cell\" ><div id=\"panel-171-0-1-0\" class=\"so-panel widget widget_black-studio-tinymce widget_black_studio_tinymce panel-first-child panel-last-child\" data-index=\"1\" ><div class=\"textwidget\"><p><img loading=\"lazy\" decoding=\"async\" class=\"alignnone wp-image-2897 size-full\" src=\"https:\/\/www.zaluziemm.sk\/wp-content\/uploads\/2025\/05\/o_spolocnosti_zaluziemm.jpg\" alt=\"\" width=\"1536\" height=\"855\" srcset=\"https:\/\/www.zaluziemm.sk\/wp-content\/uploads\/2025\/05\/o_spolocnosti_zaluziemm.jpg 1536w, https:\/\/www.zaluziemm.sk\/wp-content\/uploads\/2025\/05\/o_spolocnosti_zaluziemm-300x167.jpg 300w, https:\/\/www.zaluziemm.sk\/wp-content\/uploads\/2025\/05\/o_spolocnosti_zaluziemm-1024x570.jpg 1024w, https:\/\/www.zaluziemm.sk\/wp-content\/uploads\/2025\/05\/o_spolocnosti_zaluziemm-768x428.jpg 768w, https:\/\/www.zaluziemm.sk\/wp-content\/uploads\/2025\/05\/o_spolocnosti_zaluziemm-555x309.jpg 555w, https:\/\/www.zaluziemm.sk\/wp-content\/uploads\/2025\/05\/o_spolocnosti_zaluziemm-600x334.jpg 600w\" sizes=\"auto, (max-width: 1536px) 100vw, 1536px\" \/><\/p>\n<\/div><\/div><\/div><\/div><\/div>","protected":false},"excerpt":{"rendered":"<p>\u017dAL\u00daZIE MM s.r.o. je spo\u013eahliv\u00e1 spolo\u010dnos\u0165 s dlhoro\u010dnou trad\u00edciou v oblasti tienenia a exteri\u00e9rov\u00fdch rie\u0161en\u00ed. \u0160pecializujeme sa na predaj, mont\u00e1\u017e a servis \u017eal\u00fazi\u00ed, roliet, siet\u00ed proti hmyzu, pergol a \u010fal\u0161\u00edch typov tienenia. Na\u0161a ponuka zah\u0155\u0148a \u0161irok\u00fd v\u00fdber vn\u00fatorn\u00fdch aj vonkaj\u0161\u00edch \u017eal\u00fazi\u00ed, screenov\u00e9 rolety, hlin\u00edkov\u00e9 a l\u00e1tkov\u00e9 pergoly, ako aj praktick\u00e9 rolovacie \u010di plis\u00e9 siete. Ka\u017ed\u00e9mu &hellip;<\/p>\n","protected":false},"author":1,"featured_media":2736,"parent":0,"menu_order":0,"comment_status":"closed","ping_status":"closed","template":"","meta":{"_acf_changed":false,"inline_featured_image":false,"footnotes":""},"class_list":["post-171","page","type-page","status-publish","has-post-thumbnail","hentry"],"acf":[],"yoast_head":"<!-- This site is optimized with the Yoast SEO plugin v27.0 - https:\/\/yoast.com\/product\/yoast-seo-wordpress\/ -->\n<title>O SPLO\u010cNOSTI - \u017dAL\u00daZIE MM | ROLETY \u2022 SIETE \u2022 PERGOLY<\/title>\n<meta name=\"description\" content=\"\u017dAL\u00daZIE MM s.r.o. \u2013 predaj, mont\u00e1\u017e a servis \u017eal\u00fazi\u00ed, roliet, siet\u00ed proti hmyzu a pergol. Kvalitn\u00e9 tienenie na mieru s dlhoro\u010dn\u00fdmi sk\u00fasenos\u0165ami.\" \/>\n<meta name=\"robots\" content=\"index, follow, max-snippet:-1, max-image-preview:large, max-video-preview:-1\" \/>\n<link rel=\"canonical\" href=\"https:\/\/www.zaluziemm.sk\/index.php\/o-spolocnosti\/\" \/>\n<meta property=\"og:locale\" content=\"sk_SK\" \/>\n<meta property=\"og:type\" content=\"article\" \/>\n<meta property=\"og:title\" content=\"O SPLO\u010cNOSTI - \u017dAL\u00daZIE MM | ROLETY \u2022 SIETE \u2022 PERGOLY\" \/>\n<meta property=\"og:description\" content=\"\u017dAL\u00daZIE MM s.r.o. \u2013 predaj, mont\u00e1\u017e a servis \u017eal\u00fazi\u00ed, roliet, siet\u00ed proti hmyzu a pergol. Kvalitn\u00e9 tienenie na mieru s dlhoro\u010dn\u00fdmi sk\u00fasenos\u0165ami.\" \/>\n<meta property=\"og:url\" content=\"https:\/\/www.zaluziemm.sk\/index.php\/o-spolocnosti\/\" \/>\n<meta property=\"og:site_name\" content=\"\u017dAL\u00daZIE MM | ROLETY \u2022 SIETE \u2022 PERGOLY\" \/>\n<meta property=\"article:modified_time\" content=\"2025-05-22T12:00:16+00:00\" \/>\n<meta property=\"og:image\" content=\"https:\/\/www.zaluziemm.sk\/wp-content\/uploads\/2025\/05\/cropped-logo_zaluzie_mm_martin_matus.png\" \/>\n\t<meta property=\"og:image:width\" content=\"512\" \/>\n\t<meta property=\"og:image:height\" content=\"512\" \/>\n\t<meta property=\"og:image:type\" content=\"image\/png\" \/>\n<meta name=\"twitter:card\" content=\"summary_large_image\" \/>\n<meta name=\"twitter:label1\" content=\"Predpokladan\u00fd \u010das \u010d\u00edtania\" \/>\n\t<meta name=\"twitter:data1\" content=\"2 min\u00faty\" \/>\n<script type=\"application\/ld+json\" class=\"yoast-schema-graph\">{\"@context\":\"https:\/\/schema.org\",\"@graph\":[{\"@type\":\"WebPage\",\"@id\":\"https:\/\/www.zaluziemm.sk\/index.php\/o-spolocnosti\/\",\"url\":\"https:\/\/www.zaluziemm.sk\/index.php\/o-spolocnosti\/\",\"name\":\"O SPLO\u010cNOSTI - \u017dAL\u00daZIE MM | ROLETY \u2022 SIETE \u2022 PERGOLY\",\"isPartOf\":{\"@id\":\"https:\/\/www.zaluziemm.sk\/#website\"},\"primaryImageOfPage\":{\"@id\":\"https:\/\/www.zaluziemm.sk\/index.php\/o-spolocnosti\/#primaryimage\"},\"image\":{\"@id\":\"https:\/\/www.zaluziemm.sk\/index.php\/o-spolocnosti\/#primaryimage\"},\"thumbnailUrl\":\"https:\/\/www.zaluziemm.sk\/wp-content\/uploads\/2025\/05\/cropped-logo_zaluzie_mm_martin_matus.png\",\"datePublished\":\"2014-10-24T11:30:58+00:00\",\"dateModified\":\"2025-05-22T12:00:16+00:00\",\"description\":\"\u017dAL\u00daZIE MM s.r.o. \u2013 predaj, mont\u00e1\u017e a servis \u017eal\u00fazi\u00ed, roliet, siet\u00ed proti hmyzu a pergol. Kvalitn\u00e9 tienenie na mieru s dlhoro\u010dn\u00fdmi sk\u00fasenos\u0165ami.\",\"breadcrumb\":{\"@id\":\"https:\/\/www.zaluziemm.sk\/index.php\/o-spolocnosti\/#breadcrumb\"},\"inLanguage\":\"sk-SK\",\"potentialAction\":[{\"@type\":\"ReadAction\",\"target\":[\"https:\/\/www.zaluziemm.sk\/index.php\/o-spolocnosti\/\"]}]},{\"@type\":\"ImageObject\",\"inLanguage\":\"sk-SK\",\"@id\":\"https:\/\/www.zaluziemm.sk\/index.php\/o-spolocnosti\/#primaryimage\",\"url\":\"https:\/\/www.zaluziemm.sk\/wp-content\/uploads\/2025\/05\/cropped-logo_zaluzie_mm_martin_matus.png\",\"contentUrl\":\"https:\/\/www.zaluziemm.sk\/wp-content\/uploads\/2025\/05\/cropped-logo_zaluzie_mm_martin_matus.png\",\"width\":512,\"height\":512},{\"@type\":\"BreadcrumbList\",\"@id\":\"https:\/\/www.zaluziemm.sk\/index.php\/o-spolocnosti\/#breadcrumb\",\"itemListElement\":[{\"@type\":\"ListItem\",\"position\":1,\"name\":\"Domovsk\u00e1 str\u00e1nka\",\"item\":\"https:\/\/www.zaluziemm.sk\/\"},{\"@type\":\"ListItem\",\"position\":2,\"name\":\"O SPLO\u010cNOSTI\"}]},{\"@type\":\"WebSite\",\"@id\":\"https:\/\/www.zaluziemm.sk\/#website\",\"url\":\"https:\/\/www.zaluziemm.sk\/\",\"name\":\"\u017dAL\u00daZIE MM | ROLETY \u2022 SIETE \u2022 PERGOLY\",\"description\":\"Kvalita, prec\u00edznos\u0165 a osobn\u00fd pr\u00edstup \u2013 \u017daluzie MM.\",\"potentialAction\":[{\"@type\":\"SearchAction\",\"target\":{\"@type\":\"EntryPoint\",\"urlTemplate\":\"https:\/\/www.zaluziemm.sk\/?s={search_term_string}\"},\"query-input\":{\"@type\":\"PropertyValueSpecification\",\"valueRequired\":true,\"valueName\":\"search_term_string\"}}],\"inLanguage\":\"sk-SK\"}]}<\/script>\n<!-- \/ Yoast SEO plugin. -->","yoast_head_json":{"title":"O SPLO\u010cNOSTI - \u017dAL\u00daZIE MM | ROLETY \u2022 SIETE \u2022 PERGOLY","description":"\u017dAL\u00daZIE MM s.r.o. \u2013 predaj, mont\u00e1\u017e a servis \u017eal\u00fazi\u00ed, roliet, siet\u00ed proti hmyzu a pergol. Kvalitn\u00e9 tienenie na mieru s dlhoro\u010dn\u00fdmi sk\u00fasenos\u0165ami.","robots":{"index":"index","follow":"follow","max-snippet":"max-snippet:-1","max-image-preview":"max-image-preview:large","max-video-preview":"max-video-preview:-1"},"canonical":"https:\/\/www.zaluziemm.sk\/index.php\/o-spolocnosti\/","og_locale":"sk_SK","og_type":"article","og_title":"O SPLO\u010cNOSTI - \u017dAL\u00daZIE MM | ROLETY \u2022 SIETE \u2022 PERGOLY","og_description":"\u017dAL\u00daZIE MM s.r.o. \u2013 predaj, mont\u00e1\u017e a servis \u017eal\u00fazi\u00ed, roliet, siet\u00ed proti hmyzu a pergol. Kvalitn\u00e9 tienenie na mieru s dlhoro\u010dn\u00fdmi sk\u00fasenos\u0165ami.","og_url":"https:\/\/www.zaluziemm.sk\/index.php\/o-spolocnosti\/","og_site_name":"\u017dAL\u00daZIE MM | ROLETY \u2022 SIETE \u2022 PERGOLY","article_modified_time":"2025-05-22T12:00:16+00:00","og_image":[{"width":512,"height":512,"url":"https:\/\/www.zaluziemm.sk\/wp-content\/uploads\/2025\/05\/cropped-logo_zaluzie_mm_martin_matus.png","type":"image\/png"}],"twitter_card":"summary_large_image","twitter_misc":{"Predpokladan\u00fd \u010das \u010d\u00edtania":"2 min\u00faty"},"schema":{"@context":"https:\/\/schema.org","@graph":[{"@type":"WebPage","@id":"https:\/\/www.zaluziemm.sk\/index.php\/o-spolocnosti\/","url":"https:\/\/www.zaluziemm.sk\/index.php\/o-spolocnosti\/","name":"O SPLO\u010cNOSTI - \u017dAL\u00daZIE MM | ROLETY \u2022 SIETE \u2022 PERGOLY","isPartOf":{"@id":"https:\/\/www.zaluziemm.sk\/#website"},"primaryImageOfPage":{"@id":"https:\/\/www.zaluziemm.sk\/index.php\/o-spolocnosti\/#primaryimage"},"image":{"@id":"https:\/\/www.zaluziemm.sk\/index.php\/o-spolocnosti\/#primaryimage"},"thumbnailUrl":"https:\/\/www.zaluziemm.sk\/wp-content\/uploads\/2025\/05\/cropped-logo_zaluzie_mm_martin_matus.png","datePublished":"2014-10-24T11:30:58+00:00","dateModified":"2025-05-22T12:00:16+00:00","description":"\u017dAL\u00daZIE MM s.r.o. \u2013 predaj, mont\u00e1\u017e a servis \u017eal\u00fazi\u00ed, roliet, siet\u00ed proti hmyzu a pergol. Kvalitn\u00e9 tienenie na mieru s dlhoro\u010dn\u00fdmi sk\u00fasenos\u0165ami.","breadcrumb":{"@id":"https:\/\/www.zaluziemm.sk\/index.php\/o-spolocnosti\/#breadcrumb"},"inLanguage":"sk-SK","potentialAction":[{"@type":"ReadAction","target":["https:\/\/www.zaluziemm.sk\/index.php\/o-spolocnosti\/"]}]},{"@type":"ImageObject","inLanguage":"sk-SK","@id":"https:\/\/www.zaluziemm.sk\/index.php\/o-spolocnosti\/#primaryimage","url":"https:\/\/www.zaluziemm.sk\/wp-content\/uploads\/2025\/05\/cropped-logo_zaluzie_mm_martin_matus.png","contentUrl":"https:\/\/www.zaluziemm.sk\/wp-content\/uploads\/2025\/05\/cropped-logo_zaluzie_mm_martin_matus.png","width":512,"height":512},{"@type":"BreadcrumbList","@id":"https:\/\/www.zaluziemm.sk\/index.php\/o-spolocnosti\/#breadcrumb","itemListElement":[{"@type":"ListItem","position":1,"name":"Domovsk\u00e1 str\u00e1nka","item":"https:\/\/www.zaluziemm.sk\/"},{"@type":"ListItem","position":2,"name":"O SPLO\u010cNOSTI"}]},{"@type":"WebSite","@id":"https:\/\/www.zaluziemm.sk\/#website","url":"https:\/\/www.zaluziemm.sk\/","name":"\u017dAL\u00daZIE MM | ROLETY \u2022 SIETE \u2022 PERGOLY","description":"Kvalita, prec\u00edznos\u0165 a osobn\u00fd pr\u00edstup \u2013 \u017daluzie MM.","potentialAction":[{"@type":"SearchAction","target":{"@type":"EntryPoint","urlTemplate":"https:\/\/www.zaluziemm.sk\/?s={search_term_string}"},"query-input":{"@type":"PropertyValueSpecification","valueRequired":true,"valueName":"search_term_string"}}],"inLanguage":"sk-SK"}]}},"_links":{"self":[{"href":"https:\/\/www.zaluziemm.sk\/index.php\/wp-json\/wp\/v2\/pages\/171","targetHints":{"allow":["GET"]}}],"collection":[{"href":"https:\/\/www.zaluziemm.sk\/index.php\/wp-json\/wp\/v2\/pages"}],"about":[{"href":"https:\/\/www.zaluziemm.sk\/index.php\/wp-json\/wp\/v2\/types\/page"}],"author":[{"embeddable":true,"href":"https:\/\/www.zaluziemm.sk\/index.php\/wp-json\/wp\/v2\/users\/1"}],"replies":[{"embeddable":true,"href":"https:\/\/www.zaluziemm.sk\/index.php\/wp-json\/wp\/v2\/comments?post=171"}],"version-history":[{"count":6,"href":"https:\/\/www.zaluziemm.sk\/index.php\/wp-json\/wp\/v2\/pages\/171\/revisions"}],"predecessor-version":[{"id":2899,"href":"https:\/\/www.zaluziemm.sk\/index.php\/wp-json\/wp\/v2\/pages\/171\/revisions\/2899"}],"wp:featuredmedia":[{"embeddable":true,"href":"https:\/\/www.zaluziemm.sk\/index.php\/wp-json\/wp\/v2\/media\/2736"}],"wp:attachment":[{"href":"https:\/\/www.zaluziemm.sk\/index.php\/wp-json\/wp\/v2\/media?parent=171"}],"curies":[{"name":"wp","href":"https:\/\/api.w.org\/{rel}","templated":true}]}}