{"id":2992,"date":"2025-05-22T16:49:53","date_gmt":"2025-05-22T14:49:53","guid":{"rendered":"https:\/\/www.zaluziemm.sk\/?page_id=2992"},"modified":"2025-05-22T16:49:53","modified_gmt":"2025-05-22T14:49:53","slug":"vonkajsie-hlinikove-rolety","status":"publish","type":"page","link":"https:\/\/www.zaluziemm.sk\/index.php\/vonkajsie-hlinikove-rolety\/","title":{"rendered":"VONKAJ\u0160IE HLIN\u00cdKOV\u00c9 ROLETY"},"content":{"rendered":"<div id=\"pl-2992\"  class=\"panel-layout\" ><div id=\"pg-2992-0\"  class=\"panel-grid panel-no-style\" ><div id=\"pgc-2992-0-0\"  class=\"panel-grid-cell\" ><div id=\"panel-2992-0-0-0\" class=\"so-panel widget widget_black-studio-tinymce widget_black_studio_tinymce panel-first-child panel-last-child\" data-index=\"0\" ><h3 class=\"widget-title\">VONKAJ\u0160IE HLIN\u00cdKOV\u00c9 ROLETY<\/h3><div class=\"textwidget\"><div class=\"wpb_text_column wpb_content_element vc_custom_1644485967327\">\n<div class=\"wpb_wrapper\">\n<div class=\"wpb_text_column wpb_content_element vc_custom_1644487915889\">\n<div class=\"wpb_wrapper\">\n<p>Potrebujete\u00a0<strong>kvalitn\u00e9 zatemnenie<\/strong>\u00a0spolu s\u00a0<strong>utlmen\u00edm hluku<\/strong>\u00a0a zv\u00fd\u0161enou\u00a0<strong>ochranou majetku<\/strong>, predokenn\u00e9\u00a0<strong>hlin\u00edkov\u00e9 rolety<\/strong>\u00a0s\u00fa\u00a0<strong>vhodnou vo\u013ebou<\/strong>. Pon\u00fakame predokenn\u00e9 rolety, ktor\u00e9 s\u00fa vhodn\u00e9 do prekladov. Klasick\u00e9\u00a0<strong>vonkaj\u0161ie hlin\u00edkov\u00e9 rolety<\/strong>, ktor\u00e9 je mo\u017en\u00e9 pou\u017ei\u0165 do hotov\u00fdch stavieb. Model\u00a0hlin\u00edkovej rolety\u00a0mo\u017eno doplni\u0165 o integrovan\u00fa sie\u0165 proti hmyzu.<\/div>\n<\/div>\n<\/div>\n<\/div>\n<\/div><\/div><\/div><div id=\"pgc-2992-0-1\"  class=\"panel-grid-cell\" ><div id=\"panel-2992-0-1-0\" class=\"so-panel widget widget_media_image panel-first-child panel-last-child\" data-index=\"1\" ><img loading=\"lazy\" decoding=\"async\" width=\"1536\" height=\"1053\" src=\"https:\/\/www.zaluziemm.sk\/wp-content\/uploads\/2025\/05\/vonkajsie_hlinikove_rolety_zaluziemv_.jpg\" class=\"image wp-image-2993  attachment-full size-full\" alt=\"\" style=\"max-width: 100%; height: auto;\" srcset=\"https:\/\/www.zaluziemm.sk\/wp-content\/uploads\/2025\/05\/vonkajsie_hlinikove_rolety_zaluziemv_.jpg 1536w, https:\/\/www.zaluziemm.sk\/wp-content\/uploads\/2025\/05\/vonkajsie_hlinikove_rolety_zaluziemv_-300x206.jpg 300w, https:\/\/www.zaluziemm.sk\/wp-content\/uploads\/2025\/05\/vonkajsie_hlinikove_rolety_zaluziemv_-1024x702.jpg 1024w, https:\/\/www.zaluziemm.sk\/wp-content\/uploads\/2025\/05\/vonkajsie_hlinikove_rolety_zaluziemv_-768x527.jpg 768w, https:\/\/www.zaluziemm.sk\/wp-content\/uploads\/2025\/05\/vonkajsie_hlinikove_rolety_zaluziemv_-555x380.jpg 555w, https:\/\/www.zaluziemm.sk\/wp-content\/uploads\/2025\/05\/vonkajsie_hlinikove_rolety_zaluziemv_-600x411.jpg 600w\" sizes=\"auto, (max-width: 1536px) 100vw, 1536px\" \/><\/div><\/div><\/div><\/div>","protected":false},"excerpt":{"rendered":"<p>We can execute complex kitchen remodelling projects that suit your personal style and preferences. We can assist you in making minor kitchen updates or performing entire kitchen remodelling.<\/p>\n","protected":false},"author":1,"featured_media":2993,"parent":0,"menu_order":0,"comment_status":"closed","ping_status":"open","template":"","meta":{"_acf_changed":false,"inline_featured_image":false,"footnotes":""},"class_list":["post-2992","page","type-page","status-publish","has-post-thumbnail","hentry"],"acf":[],"yoast_head":"<!-- This site is optimized with the Yoast SEO plugin v27.0 - https:\/\/yoast.com\/product\/yoast-seo-wordpress\/ -->\n<title>VONKAJ\u0160IE HLIN\u00cdKOV\u00c9 ROLETY - \u017dAL\u00daZIE MM | ROLETY \u2022 SIETE \u2022 PERGOLY<\/title>\n<meta name=\"description\" content=\"Potrebujete kvalitn\u00e9 zatemnenie spolu s utlmen\u00edm hluku a zv\u00fd\u0161enou ochranou majetku, predokenn\u00e9 hlin\u00edkov\u00e9 rolety s\u00fa vhodnou vo\u013ebou. Pon\u00fakame predokenn\u00e9 rolety, ktor\u00e9 s\u00fa vhodn\u00e9 do prekladov. Klasick\u00e9 vonkaj\u0161ie hlin\u00edkov\u00e9 rolety, ktor\u00e9 je mo\u017en\u00e9 pou\u017ei\u0165 do hotov\u00fdch stavieb. Model hlin\u00edkovej rolety mo\u017eno doplni\u0165 o integrovan\u00fa sie\u0165 proti hmyzu.\" \/>\n<meta name=\"robots\" content=\"index, follow, max-snippet:-1, max-image-preview:large, max-video-preview:-1\" \/>\n<link rel=\"canonical\" href=\"https:\/\/www.zaluziemm.sk\/index.php\/vonkajsie-hlinikove-rolety\/\" \/>\n<meta property=\"og:locale\" content=\"sk_SK\" \/>\n<meta property=\"og:type\" content=\"article\" \/>\n<meta property=\"og:title\" content=\"P\u00c1NTOV\u00c9 SIETE PROTI HMYZU NA DVERE\" \/>\n<meta property=\"og:description\" content=\"Dvere na balk\u00f3n, terasu alebo z\u00e1hradu je v\u017edy dobr\u00e9 doplni\u0165 o siete proti hmyzu na dvere. Hlavne po\u010das leta, si m\u00f4\u017eete vychutna\u0165 \u010derstv\u00fd vzduch ko\u013eko len chcete bez otravn\u00e9ho hmyzu. Jednoduch\u00fd syst\u00e9m na p\u00e1nty a uzatv\u00e1ranie pomocou magnetov.\" \/>\n<meta property=\"og:url\" content=\"https:\/\/www.zaluziemm.sk\/index.php\/vonkajsie-hlinikove-rolety\/\" \/>\n<meta property=\"og:site_name\" content=\"\u017dAL\u00daZIE MM | ROLETY \u2022 SIETE \u2022 PERGOLY\" \/>\n<meta property=\"og:image\" content=\"https:\/\/www.zaluziemm.sk\/wp-content\/uploads\/2025\/05\/siete_proti_hmyzu_na_dvere_plisse_zalziemv_.jpg\" \/>\n\t<meta property=\"og:image:width\" content=\"1100\" \/>\n\t<meta property=\"og:image:height\" content=\"538\" \/>\n\t<meta property=\"og:image:type\" content=\"image\/jpeg\" \/>\n<meta name=\"twitter:card\" content=\"summary_large_image\" \/>\n<meta name=\"twitter:label1\" content=\"Predpokladan\u00fd \u010das \u010d\u00edtania\" \/>\n\t<meta name=\"twitter:data1\" content=\"1 min\u00fata\" \/>\n<script type=\"application\/ld+json\" class=\"yoast-schema-graph\">{\"@context\":\"https:\/\/schema.org\",\"@graph\":[{\"@type\":\"WebPage\",\"@id\":\"https:\/\/www.zaluziemm.sk\/index.php\/vonkajsie-hlinikove-rolety\/\",\"url\":\"https:\/\/www.zaluziemm.sk\/index.php\/vonkajsie-hlinikove-rolety\/\",\"name\":\"VONKAJ\u0160IE HLIN\u00cdKOV\u00c9 ROLETY - \u017dAL\u00daZIE MM | ROLETY \u2022 SIETE \u2022 PERGOLY\",\"isPartOf\":{\"@id\":\"https:\/\/www.zaluziemm.sk\/#website\"},\"primaryImageOfPage\":{\"@id\":\"https:\/\/www.zaluziemm.sk\/index.php\/vonkajsie-hlinikove-rolety\/#primaryimage\"},\"image\":{\"@id\":\"https:\/\/www.zaluziemm.sk\/index.php\/vonkajsie-hlinikove-rolety\/#primaryimage\"},\"thumbnailUrl\":\"https:\/\/www.zaluziemm.sk\/wp-content\/uploads\/2025\/05\/vonkajsie_hlinikove_rolety_zaluziemv_.jpg\",\"datePublished\":\"2025-05-22T14:49:53+00:00\",\"description\":\"Potrebujete kvalitn\u00e9 zatemnenie spolu s utlmen\u00edm hluku a zv\u00fd\u0161enou ochranou majetku, predokenn\u00e9 hlin\u00edkov\u00e9 rolety s\u00fa vhodnou vo\u013ebou. Pon\u00fakame predokenn\u00e9 rolety, ktor\u00e9 s\u00fa vhodn\u00e9 do prekladov. Klasick\u00e9 vonkaj\u0161ie hlin\u00edkov\u00e9 rolety, ktor\u00e9 je mo\u017en\u00e9 pou\u017ei\u0165 do hotov\u00fdch stavieb. Model hlin\u00edkovej rolety mo\u017eno doplni\u0165 o integrovan\u00fa sie\u0165 proti hmyzu.\",\"breadcrumb\":{\"@id\":\"https:\/\/www.zaluziemm.sk\/index.php\/vonkajsie-hlinikove-rolety\/#breadcrumb\"},\"inLanguage\":\"sk-SK\",\"potentialAction\":[{\"@type\":\"ReadAction\",\"target\":[\"https:\/\/www.zaluziemm.sk\/index.php\/vonkajsie-hlinikove-rolety\/\"]}]},{\"@type\":\"ImageObject\",\"inLanguage\":\"sk-SK\",\"@id\":\"https:\/\/www.zaluziemm.sk\/index.php\/vonkajsie-hlinikove-rolety\/#primaryimage\",\"url\":\"https:\/\/www.zaluziemm.sk\/wp-content\/uploads\/2025\/05\/vonkajsie_hlinikove_rolety_zaluziemv_.jpg\",\"contentUrl\":\"https:\/\/www.zaluziemm.sk\/wp-content\/uploads\/2025\/05\/vonkajsie_hlinikove_rolety_zaluziemv_.jpg\",\"width\":1536,\"height\":1053},{\"@type\":\"BreadcrumbList\",\"@id\":\"https:\/\/www.zaluziemm.sk\/index.php\/vonkajsie-hlinikove-rolety\/#breadcrumb\",\"itemListElement\":[{\"@type\":\"ListItem\",\"position\":1,\"name\":\"Domovsk\u00e1 str\u00e1nka\",\"item\":\"https:\/\/www.zaluziemm.sk\/\"},{\"@type\":\"ListItem\",\"position\":2,\"name\":\"VONKAJ\u0160IE HLIN\u00cdKOV\u00c9 ROLETY\"}]},{\"@type\":\"WebSite\",\"@id\":\"https:\/\/www.zaluziemm.sk\/#website\",\"url\":\"https:\/\/www.zaluziemm.sk\/\",\"name\":\"\u017dAL\u00daZIE MM | ROLETY \u2022 SIETE \u2022 PERGOLY\",\"description\":\"Kvalita, prec\u00edznos\u0165 a osobn\u00fd pr\u00edstup \u2013 \u017daluzie MM.\",\"potentialAction\":[{\"@type\":\"SearchAction\",\"target\":{\"@type\":\"EntryPoint\",\"urlTemplate\":\"https:\/\/www.zaluziemm.sk\/?s={search_term_string}\"},\"query-input\":{\"@type\":\"PropertyValueSpecification\",\"valueRequired\":true,\"valueName\":\"search_term_string\"}}],\"inLanguage\":\"sk-SK\"}]}<\/script>\n<!-- \/ Yoast SEO plugin. -->","yoast_head_json":{"title":"VONKAJ\u0160IE HLIN\u00cdKOV\u00c9 ROLETY - \u017dAL\u00daZIE MM | ROLETY \u2022 SIETE \u2022 PERGOLY","description":"Potrebujete kvalitn\u00e9 zatemnenie spolu s utlmen\u00edm hluku a zv\u00fd\u0161enou ochranou majetku, predokenn\u00e9 hlin\u00edkov\u00e9 rolety s\u00fa vhodnou vo\u013ebou. Pon\u00fakame predokenn\u00e9 rolety, ktor\u00e9 s\u00fa vhodn\u00e9 do prekladov. Klasick\u00e9 vonkaj\u0161ie hlin\u00edkov\u00e9 rolety, ktor\u00e9 je mo\u017en\u00e9 pou\u017ei\u0165 do hotov\u00fdch stavieb. Model hlin\u00edkovej rolety mo\u017eno doplni\u0165 o integrovan\u00fa sie\u0165 proti hmyzu.","robots":{"index":"index","follow":"follow","max-snippet":"max-snippet:-1","max-image-preview":"max-image-preview:large","max-video-preview":"max-video-preview:-1"},"canonical":"https:\/\/www.zaluziemm.sk\/index.php\/vonkajsie-hlinikove-rolety\/","og_locale":"sk_SK","og_type":"article","og_title":"P\u00c1NTOV\u00c9 SIETE PROTI HMYZU NA DVERE","og_description":"Dvere na balk\u00f3n, terasu alebo z\u00e1hradu je v\u017edy dobr\u00e9 doplni\u0165 o siete proti hmyzu na dvere. Hlavne po\u010das leta, si m\u00f4\u017eete vychutna\u0165 \u010derstv\u00fd vzduch ko\u013eko len chcete bez otravn\u00e9ho hmyzu. Jednoduch\u00fd syst\u00e9m na p\u00e1nty a uzatv\u00e1ranie pomocou magnetov.","og_url":"https:\/\/www.zaluziemm.sk\/index.php\/vonkajsie-hlinikove-rolety\/","og_site_name":"\u017dAL\u00daZIE MM | ROLETY \u2022 SIETE \u2022 PERGOLY","og_image":[{"width":1100,"height":538,"url":"https:\/\/www.zaluziemm.sk\/wp-content\/uploads\/2025\/05\/siete_proti_hmyzu_na_dvere_plisse_zalziemv_.jpg","type":"image\/jpeg"}],"twitter_card":"summary_large_image","twitter_misc":{"Predpokladan\u00fd \u010das \u010d\u00edtania":"1 min\u00fata"},"schema":{"@context":"https:\/\/schema.org","@graph":[{"@type":"WebPage","@id":"https:\/\/www.zaluziemm.sk\/index.php\/vonkajsie-hlinikove-rolety\/","url":"https:\/\/www.zaluziemm.sk\/index.php\/vonkajsie-hlinikove-rolety\/","name":"VONKAJ\u0160IE HLIN\u00cdKOV\u00c9 ROLETY - \u017dAL\u00daZIE MM | ROLETY \u2022 SIETE \u2022 PERGOLY","isPartOf":{"@id":"https:\/\/www.zaluziemm.sk\/#website"},"primaryImageOfPage":{"@id":"https:\/\/www.zaluziemm.sk\/index.php\/vonkajsie-hlinikove-rolety\/#primaryimage"},"image":{"@id":"https:\/\/www.zaluziemm.sk\/index.php\/vonkajsie-hlinikove-rolety\/#primaryimage"},"thumbnailUrl":"https:\/\/www.zaluziemm.sk\/wp-content\/uploads\/2025\/05\/vonkajsie_hlinikove_rolety_zaluziemv_.jpg","datePublished":"2025-05-22T14:49:53+00:00","description":"Potrebujete kvalitn\u00e9 zatemnenie spolu s utlmen\u00edm hluku a zv\u00fd\u0161enou ochranou majetku, predokenn\u00e9 hlin\u00edkov\u00e9 rolety s\u00fa vhodnou vo\u013ebou. Pon\u00fakame predokenn\u00e9 rolety, ktor\u00e9 s\u00fa vhodn\u00e9 do prekladov. Klasick\u00e9 vonkaj\u0161ie hlin\u00edkov\u00e9 rolety, ktor\u00e9 je mo\u017en\u00e9 pou\u017ei\u0165 do hotov\u00fdch stavieb. Model hlin\u00edkovej rolety mo\u017eno doplni\u0165 o integrovan\u00fa sie\u0165 proti hmyzu.","breadcrumb":{"@id":"https:\/\/www.zaluziemm.sk\/index.php\/vonkajsie-hlinikove-rolety\/#breadcrumb"},"inLanguage":"sk-SK","potentialAction":[{"@type":"ReadAction","target":["https:\/\/www.zaluziemm.sk\/index.php\/vonkajsie-hlinikove-rolety\/"]}]},{"@type":"ImageObject","inLanguage":"sk-SK","@id":"https:\/\/www.zaluziemm.sk\/index.php\/vonkajsie-hlinikove-rolety\/#primaryimage","url":"https:\/\/www.zaluziemm.sk\/wp-content\/uploads\/2025\/05\/vonkajsie_hlinikove_rolety_zaluziemv_.jpg","contentUrl":"https:\/\/www.zaluziemm.sk\/wp-content\/uploads\/2025\/05\/vonkajsie_hlinikove_rolety_zaluziemv_.jpg","width":1536,"height":1053},{"@type":"BreadcrumbList","@id":"https:\/\/www.zaluziemm.sk\/index.php\/vonkajsie-hlinikove-rolety\/#breadcrumb","itemListElement":[{"@type":"ListItem","position":1,"name":"Domovsk\u00e1 str\u00e1nka","item":"https:\/\/www.zaluziemm.sk\/"},{"@type":"ListItem","position":2,"name":"VONKAJ\u0160IE HLIN\u00cdKOV\u00c9 ROLETY"}]},{"@type":"WebSite","@id":"https:\/\/www.zaluziemm.sk\/#website","url":"https:\/\/www.zaluziemm.sk\/","name":"\u017dAL\u00daZIE MM | ROLETY \u2022 SIETE \u2022 PERGOLY","description":"Kvalita, prec\u00edznos\u0165 a osobn\u00fd pr\u00edstup \u2013 \u017daluzie MM.","potentialAction":[{"@type":"SearchAction","target":{"@type":"EntryPoint","urlTemplate":"https:\/\/www.zaluziemm.sk\/?s={search_term_string}"},"query-input":{"@type":"PropertyValueSpecification","valueRequired":true,"valueName":"search_term_string"}}],"inLanguage":"sk-SK"}]}},"_links":{"self":[{"href":"https:\/\/www.zaluziemm.sk\/index.php\/wp-json\/wp\/v2\/pages\/2992","targetHints":{"allow":["GET"]}}],"collection":[{"href":"https:\/\/www.zaluziemm.sk\/index.php\/wp-json\/wp\/v2\/pages"}],"about":[{"href":"https:\/\/www.zaluziemm.sk\/index.php\/wp-json\/wp\/v2\/types\/page"}],"author":[{"embeddable":true,"href":"https:\/\/www.zaluziemm.sk\/index.php\/wp-json\/wp\/v2\/users\/1"}],"replies":[{"embeddable":true,"href":"https:\/\/www.zaluziemm.sk\/index.php\/wp-json\/wp\/v2\/comments?post=2992"}],"version-history":[{"count":1,"href":"https:\/\/www.zaluziemm.sk\/index.php\/wp-json\/wp\/v2\/pages\/2992\/revisions"}],"predecessor-version":[{"id":2994,"href":"https:\/\/www.zaluziemm.sk\/index.php\/wp-json\/wp\/v2\/pages\/2992\/revisions\/2994"}],"wp:featuredmedia":[{"embeddable":true,"href":"https:\/\/www.zaluziemm.sk\/index.php\/wp-json\/wp\/v2\/media\/2993"}],"wp:attachment":[{"href":"https:\/\/www.zaluziemm.sk\/index.php\/wp-json\/wp\/v2\/media?parent=2992"}],"curies":[{"name":"wp","href":"https:\/\/api.w.org\/{rel}","templated":true}]}}