{"id":3028,"date":"2025-10-16T12:30:32","date_gmt":"2025-10-16T10:30:32","guid":{"rendered":"https:\/\/www.zaluziemm.sk\/?page_id=3028"},"modified":"2025-10-16T12:32:54","modified_gmt":"2025-10-16T10:32:54","slug":"garazove-brany","status":"publish","type":"page","link":"https:\/\/www.zaluziemm.sk\/index.php\/garazove-brany\/","title":{"rendered":"GAR\u00c1\u017dOV\u00c9 BR\u00c1NY"},"content":{"rendered":"<div id=\"pl-3028\"  class=\"panel-layout\" ><div id=\"pg-3028-0\"  class=\"panel-grid panel-no-style\" ><div id=\"pgc-3028-0-0\"  class=\"panel-grid-cell\" ><div id=\"panel-3028-0-0-0\" class=\"so-panel widget widget_black-studio-tinymce widget_black_studio_tinymce panel-first-child panel-last-child\" data-index=\"0\" ><h3 class=\"widget-title\">GAR\u00c1\u017dOV\u00c9 BR\u00c1NY<\/h3><div class=\"textwidget\"><div class=\"wpb_text_column wpb_content_element vc_custom_1644485967327\">\n<div class=\"wpb_wrapper\">\n<div class=\"wpb_text_column wpb_content_element vc_custom_1644487915889\">\n<div class=\"wpb_wrapper\">\n<div class=\"wpb_text_column wpb_content_element vc_custom_1644394317761\">\n<div class=\"wpb_wrapper\">\n<p data-start=\"335\" data-end=\"592\"><strong data-start=\"335\" data-end=\"353\">Gar\u00e1\u017eov\u00e9 br\u00e1ny<\/strong> predstavuj\u00fa spo\u013eahliv\u00e9, bezpe\u010dn\u00e9 a estetick\u00e9 rie\u0161enie pre ka\u017ed\u00fd rodinn\u00fd dom \u010di firemn\u00fd objekt. Na\u0161e <strong data-start=\"454\" data-end=\"479\">sek\u010dn\u00e9 gar\u00e1\u017eov\u00e9 br\u00e1ny<\/strong> sa vyzna\u010duj\u00fa tich\u00fdm chodom, dlhou \u017eivotnos\u0165ou a modern\u00fdm dizajnom, ktor\u00fd dokonale lad\u00ed s architekt\u00farou budovy.<\/p>\n<p data-start=\"594\" data-end=\"860\">V\u010faka kvalitn\u00fdm <strong data-start=\"610\" data-end=\"632\">tepeln\u00fdm izol\u00e1ci\u00e1m<\/strong> a presn\u00e9mu tesneniu pom\u00e1haj\u00fa <strong data-start=\"662\" data-end=\"680\">gar\u00e1\u017eov\u00e9 br\u00e1ny<\/strong> udr\u017eiava\u0165 st\u00e1lu teplotu v gar\u00e1\u017ei a t\u00fdm \u0161etria energie. Povrchov\u00e1 \u00faprava z odoln\u00fdch materi\u00e1lov zabezpe\u010duje vysok\u00fa odolnos\u0165 vo\u010di poveternostn\u00fdm vplyvom aj mechanick\u00e9mu po\u0161kodeniu.<\/p>\n<p data-start=\"862\" data-end=\"1084\">Na v\u00fdber m\u00e1te <strong data-start=\"876\" data-end=\"918\">manu\u00e1lne aj automatick\u00e9 gar\u00e1\u017eov\u00e9 br\u00e1ny<\/strong> s pohonom na dia\u013ekov\u00e9 ovl\u00e1danie. Modern\u00e9 <strong data-start=\"960\" data-end=\"989\">elektrick\u00e9 gar\u00e1\u017eov\u00e9 br\u00e1ny<\/strong> prin\u00e1\u0161aj\u00fa maxim\u00e1lny komfort a bezpe\u010dnos\u0165 v\u010faka spo\u013eahliv\u00fdm motorom a bezpe\u010dnostn\u00fdm senzorom.<\/p>\n<p data-start=\"1086\" data-end=\"1277\">Ka\u017ed\u00fa <strong data-start=\"1092\" data-end=\"1110\">gar\u00e1\u017eov\u00fa br\u00e1nu<\/strong> vyr\u00e1bame <strong data-start=\"1120\" data-end=\"1132\">na mieru<\/strong>, pod\u013ea presn\u00fdch rozmerov a po\u017eiadaviek z\u00e1kazn\u00edka. Samozrejmos\u0165ou je <strong data-start=\"1201\" data-end=\"1261\">profesion\u00e1lne zameranie, mont\u00e1\u017e a servis gar\u00e1\u017eov\u00fdch br\u00e1n<\/strong> priamo u v\u00e1s.<\/p>\n<\/div>\n<\/div>\n<\/div>\n<\/div>\n<\/div>\n<\/div>\n<\/div><\/div><\/div><div id=\"pgc-3028-0-1\"  class=\"panel-grid-cell\" ><div id=\"panel-3028-0-1-0\" class=\"so-panel widget widget_media_image panel-first-child panel-last-child\" data-index=\"1\" ><img loading=\"lazy\" decoding=\"async\" width=\"2000\" height=\"1091\" src=\"https:\/\/www.zaluziemm.sk\/wp-content\/uploads\/2025\/10\/sekcne-garazove-brany_zaluziemm_sabinov.jpg\" class=\"image wp-image-3029  attachment-2566x1400 size-2566x1400\" alt=\"\" style=\"max-width: 100%; height: auto;\" srcset=\"https:\/\/www.zaluziemm.sk\/wp-content\/uploads\/2025\/10\/sekcne-garazove-brany_zaluziemm_sabinov.jpg 2000w, https:\/\/www.zaluziemm.sk\/wp-content\/uploads\/2025\/10\/sekcne-garazove-brany_zaluziemm_sabinov-300x164.jpg 300w, https:\/\/www.zaluziemm.sk\/wp-content\/uploads\/2025\/10\/sekcne-garazove-brany_zaluziemm_sabinov-1024x559.jpg 1024w, https:\/\/www.zaluziemm.sk\/wp-content\/uploads\/2025\/10\/sekcne-garazove-brany_zaluziemm_sabinov-768x419.jpg 768w, https:\/\/www.zaluziemm.sk\/wp-content\/uploads\/2025\/10\/sekcne-garazove-brany_zaluziemm_sabinov-1536x838.jpg 1536w, https:\/\/www.zaluziemm.sk\/wp-content\/uploads\/2025\/10\/sekcne-garazove-brany_zaluziemm_sabinov-555x303.jpg 555w, https:\/\/www.zaluziemm.sk\/wp-content\/uploads\/2025\/10\/sekcne-garazove-brany_zaluziemm_sabinov-600x327.jpg 600w\" sizes=\"auto, (max-width: 2000px) 100vw, 2000px\" \/><\/div><\/div><\/div><\/div>","protected":false},"excerpt":{"rendered":"<p>We can execute complex kitchen remodelling projects that suit your personal style and preferences. We can assist you in making minor kitchen updates or performing entire kitchen remodelling.<\/p>\n","protected":false},"author":1,"featured_media":3029,"parent":0,"menu_order":0,"comment_status":"closed","ping_status":"open","template":"","meta":{"_acf_changed":false,"inline_featured_image":false,"footnotes":""},"class_list":["post-3028","page","type-page","status-publish","has-post-thumbnail","hentry"],"acf":[],"yoast_head":"<!-- This site is optimized with the Yoast SEO plugin v27.0 - https:\/\/yoast.com\/product\/yoast-seo-wordpress\/ -->\n<title>GAR\u00c1\u017dOV\u00c9 BR\u00c1NY - \u017dAL\u00daZIE MM | ROLETY \u2022 SIETE \u2022 PERGOLY<\/title>\n<meta name=\"description\" content=\"Gar\u00e1\u017eov\u00e9 br\u00e1ny Sabinov a Pre\u0161ov | \u017dal\u00fazie MM \u2013 mont\u00e1\u017e a servisMeta description:Sek\u010dn\u00e9 a automatick\u00e9 gar\u00e1\u017eov\u00e9 br\u00e1ny Sabinov, Pre\u0161ov. Profesion\u00e1lne zameranie, mont\u00e1\u017e a servis. Kvalita, bezpe\u010dnos\u0165 a modern\u00fd vzh\u013ead pre v\u00e1\u0161 dom.\" \/>\n<meta name=\"robots\" content=\"index, follow, max-snippet:-1, max-image-preview:large, max-video-preview:-1\" \/>\n<link rel=\"canonical\" href=\"https:\/\/www.zaluziemm.sk\/index.php\/garazove-brany\/\" \/>\n<meta property=\"og:locale\" content=\"sk_SK\" \/>\n<meta property=\"og:type\" content=\"article\" \/>\n<meta property=\"og:title\" content=\"garazove-brany\" \/>\n<meta property=\"og:description\" content=\"Gar\u00e1\u017eov\u00e9 br\u00e1ny Sabinov a Pre\u0161ov | \u017dal\u00fazie MM \u2013 mont\u00e1\u017e a servis - Sek\u010dn\u00e9 a automatick\u00e9 gar\u00e1\u017eov\u00e9 br\u00e1ny Sabinov, Pre\u0161ov. Profesion\u00e1lne zameranie, mont\u00e1\u017e a servis. Kvalita, bezpe\u010dnos\u0165 a modern\u00fd vzh\u013ead pre v\u00e1\u0161 dom.\" \/>\n<meta property=\"og:url\" content=\"https:\/\/www.zaluziemm.sk\/index.php\/garazove-brany\/\" \/>\n<meta property=\"og:site_name\" content=\"\u017dAL\u00daZIE MM | ROLETY \u2022 SIETE \u2022 PERGOLY\" \/>\n<meta property=\"article:modified_time\" content=\"2025-10-16T10:32:54+00:00\" \/>\n<meta property=\"og:image\" content=\"https:\/\/www.zaluziemm.sk\/wp-content\/uploads\/2025\/10\/sekcne-garazove-brany_zaluziemm_sabinov.jpg\" \/>\n\t<meta property=\"og:image:width\" content=\"2000\" \/>\n\t<meta property=\"og:image:height\" content=\"1091\" \/>\n\t<meta property=\"og:image:type\" content=\"image\/jpeg\" \/>\n<meta name=\"twitter:card\" content=\"summary_large_image\" \/>\n<meta name=\"twitter:label1\" content=\"Predpokladan\u00fd \u010das \u010d\u00edtania\" \/>\n\t<meta name=\"twitter:data1\" content=\"2 min\u00faty\" \/>\n<script type=\"application\/ld+json\" class=\"yoast-schema-graph\">{\"@context\":\"https:\/\/schema.org\",\"@graph\":[{\"@type\":\"WebPage\",\"@id\":\"https:\/\/www.zaluziemm.sk\/index.php\/garazove-brany\/\",\"url\":\"https:\/\/www.zaluziemm.sk\/index.php\/garazove-brany\/\",\"name\":\"GAR\u00c1\u017dOV\u00c9 BR\u00c1NY - \u017dAL\u00daZIE MM | ROLETY \u2022 SIETE \u2022 PERGOLY\",\"isPartOf\":{\"@id\":\"https:\/\/www.zaluziemm.sk\/#website\"},\"primaryImageOfPage\":{\"@id\":\"https:\/\/www.zaluziemm.sk\/index.php\/garazove-brany\/#primaryimage\"},\"image\":{\"@id\":\"https:\/\/www.zaluziemm.sk\/index.php\/garazove-brany\/#primaryimage\"},\"thumbnailUrl\":\"https:\/\/www.zaluziemm.sk\/wp-content\/uploads\/2025\/10\/sekcne-garazove-brany_zaluziemm_sabinov.jpg\",\"datePublished\":\"2025-10-16T10:30:32+00:00\",\"dateModified\":\"2025-10-16T10:32:54+00:00\",\"description\":\"Gar\u00e1\u017eov\u00e9 br\u00e1ny Sabinov a Pre\u0161ov | \u017dal\u00fazie MM \u2013 mont\u00e1\u017e a servisMeta description:Sek\u010dn\u00e9 a automatick\u00e9 gar\u00e1\u017eov\u00e9 br\u00e1ny Sabinov, Pre\u0161ov. Profesion\u00e1lne zameranie, mont\u00e1\u017e a servis. Kvalita, bezpe\u010dnos\u0165 a modern\u00fd vzh\u013ead pre v\u00e1\u0161 dom.\",\"breadcrumb\":{\"@id\":\"https:\/\/www.zaluziemm.sk\/index.php\/garazove-brany\/#breadcrumb\"},\"inLanguage\":\"sk-SK\",\"potentialAction\":[{\"@type\":\"ReadAction\",\"target\":[\"https:\/\/www.zaluziemm.sk\/index.php\/garazove-brany\/\"]}]},{\"@type\":\"ImageObject\",\"inLanguage\":\"sk-SK\",\"@id\":\"https:\/\/www.zaluziemm.sk\/index.php\/garazove-brany\/#primaryimage\",\"url\":\"https:\/\/www.zaluziemm.sk\/wp-content\/uploads\/2025\/10\/sekcne-garazove-brany_zaluziemm_sabinov.jpg\",\"contentUrl\":\"https:\/\/www.zaluziemm.sk\/wp-content\/uploads\/2025\/10\/sekcne-garazove-brany_zaluziemm_sabinov.jpg\",\"width\":2000,\"height\":1091},{\"@type\":\"BreadcrumbList\",\"@id\":\"https:\/\/www.zaluziemm.sk\/index.php\/garazove-brany\/#breadcrumb\",\"itemListElement\":[{\"@type\":\"ListItem\",\"position\":1,\"name\":\"Domovsk\u00e1 str\u00e1nka\",\"item\":\"https:\/\/www.zaluziemm.sk\/\"},{\"@type\":\"ListItem\",\"position\":2,\"name\":\"GAR\u00c1\u017dOV\u00c9 BR\u00c1NY\"}]},{\"@type\":\"WebSite\",\"@id\":\"https:\/\/www.zaluziemm.sk\/#website\",\"url\":\"https:\/\/www.zaluziemm.sk\/\",\"name\":\"\u017dAL\u00daZIE MM | ROLETY \u2022 SIETE \u2022 PERGOLY\",\"description\":\"Kvalita, prec\u00edznos\u0165 a osobn\u00fd pr\u00edstup \u2013 \u017daluzie MM.\",\"potentialAction\":[{\"@type\":\"SearchAction\",\"target\":{\"@type\":\"EntryPoint\",\"urlTemplate\":\"https:\/\/www.zaluziemm.sk\/?s={search_term_string}\"},\"query-input\":{\"@type\":\"PropertyValueSpecification\",\"valueRequired\":true,\"valueName\":\"search_term_string\"}}],\"inLanguage\":\"sk-SK\"}]}<\/script>\n<!-- \/ Yoast SEO plugin. -->","yoast_head_json":{"title":"GAR\u00c1\u017dOV\u00c9 BR\u00c1NY - \u017dAL\u00daZIE MM | ROLETY \u2022 SIETE \u2022 PERGOLY","description":"Gar\u00e1\u017eov\u00e9 br\u00e1ny Sabinov a Pre\u0161ov | \u017dal\u00fazie MM \u2013 mont\u00e1\u017e a servisMeta description:Sek\u010dn\u00e9 a automatick\u00e9 gar\u00e1\u017eov\u00e9 br\u00e1ny Sabinov, Pre\u0161ov. Profesion\u00e1lne zameranie, mont\u00e1\u017e a servis. Kvalita, bezpe\u010dnos\u0165 a modern\u00fd vzh\u013ead pre v\u00e1\u0161 dom.","robots":{"index":"index","follow":"follow","max-snippet":"max-snippet:-1","max-image-preview":"max-image-preview:large","max-video-preview":"max-video-preview:-1"},"canonical":"https:\/\/www.zaluziemm.sk\/index.php\/garazove-brany\/","og_locale":"sk_SK","og_type":"article","og_title":"garazove-brany","og_description":"Gar\u00e1\u017eov\u00e9 br\u00e1ny Sabinov a Pre\u0161ov | \u017dal\u00fazie MM \u2013 mont\u00e1\u017e a servis - Sek\u010dn\u00e9 a automatick\u00e9 gar\u00e1\u017eov\u00e9 br\u00e1ny Sabinov, Pre\u0161ov. Profesion\u00e1lne zameranie, mont\u00e1\u017e a servis. Kvalita, bezpe\u010dnos\u0165 a modern\u00fd vzh\u013ead pre v\u00e1\u0161 dom.","og_url":"https:\/\/www.zaluziemm.sk\/index.php\/garazove-brany\/","og_site_name":"\u017dAL\u00daZIE MM | ROLETY \u2022 SIETE \u2022 PERGOLY","article_modified_time":"2025-10-16T10:32:54+00:00","og_image":[{"width":2000,"height":1091,"url":"https:\/\/www.zaluziemm.sk\/wp-content\/uploads\/2025\/10\/sekcne-garazove-brany_zaluziemm_sabinov.jpg","type":"image\/jpeg"}],"twitter_card":"summary_large_image","twitter_misc":{"Predpokladan\u00fd \u010das \u010d\u00edtania":"2 min\u00faty"},"schema":{"@context":"https:\/\/schema.org","@graph":[{"@type":"WebPage","@id":"https:\/\/www.zaluziemm.sk\/index.php\/garazove-brany\/","url":"https:\/\/www.zaluziemm.sk\/index.php\/garazove-brany\/","name":"GAR\u00c1\u017dOV\u00c9 BR\u00c1NY - \u017dAL\u00daZIE MM | ROLETY \u2022 SIETE \u2022 PERGOLY","isPartOf":{"@id":"https:\/\/www.zaluziemm.sk\/#website"},"primaryImageOfPage":{"@id":"https:\/\/www.zaluziemm.sk\/index.php\/garazove-brany\/#primaryimage"},"image":{"@id":"https:\/\/www.zaluziemm.sk\/index.php\/garazove-brany\/#primaryimage"},"thumbnailUrl":"https:\/\/www.zaluziemm.sk\/wp-content\/uploads\/2025\/10\/sekcne-garazove-brany_zaluziemm_sabinov.jpg","datePublished":"2025-10-16T10:30:32+00:00","dateModified":"2025-10-16T10:32:54+00:00","description":"Gar\u00e1\u017eov\u00e9 br\u00e1ny Sabinov a Pre\u0161ov | \u017dal\u00fazie MM \u2013 mont\u00e1\u017e a servisMeta description:Sek\u010dn\u00e9 a automatick\u00e9 gar\u00e1\u017eov\u00e9 br\u00e1ny Sabinov, Pre\u0161ov. Profesion\u00e1lne zameranie, mont\u00e1\u017e a servis. Kvalita, bezpe\u010dnos\u0165 a modern\u00fd vzh\u013ead pre v\u00e1\u0161 dom.","breadcrumb":{"@id":"https:\/\/www.zaluziemm.sk\/index.php\/garazove-brany\/#breadcrumb"},"inLanguage":"sk-SK","potentialAction":[{"@type":"ReadAction","target":["https:\/\/www.zaluziemm.sk\/index.php\/garazove-brany\/"]}]},{"@type":"ImageObject","inLanguage":"sk-SK","@id":"https:\/\/www.zaluziemm.sk\/index.php\/garazove-brany\/#primaryimage","url":"https:\/\/www.zaluziemm.sk\/wp-content\/uploads\/2025\/10\/sekcne-garazove-brany_zaluziemm_sabinov.jpg","contentUrl":"https:\/\/www.zaluziemm.sk\/wp-content\/uploads\/2025\/10\/sekcne-garazove-brany_zaluziemm_sabinov.jpg","width":2000,"height":1091},{"@type":"BreadcrumbList","@id":"https:\/\/www.zaluziemm.sk\/index.php\/garazove-brany\/#breadcrumb","itemListElement":[{"@type":"ListItem","position":1,"name":"Domovsk\u00e1 str\u00e1nka","item":"https:\/\/www.zaluziemm.sk\/"},{"@type":"ListItem","position":2,"name":"GAR\u00c1\u017dOV\u00c9 BR\u00c1NY"}]},{"@type":"WebSite","@id":"https:\/\/www.zaluziemm.sk\/#website","url":"https:\/\/www.zaluziemm.sk\/","name":"\u017dAL\u00daZIE MM | ROLETY \u2022 SIETE \u2022 PERGOLY","description":"Kvalita, prec\u00edznos\u0165 a osobn\u00fd pr\u00edstup \u2013 \u017daluzie MM.","potentialAction":[{"@type":"SearchAction","target":{"@type":"EntryPoint","urlTemplate":"https:\/\/www.zaluziemm.sk\/?s={search_term_string}"},"query-input":{"@type":"PropertyValueSpecification","valueRequired":true,"valueName":"search_term_string"}}],"inLanguage":"sk-SK"}]}},"_links":{"self":[{"href":"https:\/\/www.zaluziemm.sk\/index.php\/wp-json\/wp\/v2\/pages\/3028","targetHints":{"allow":["GET"]}}],"collection":[{"href":"https:\/\/www.zaluziemm.sk\/index.php\/wp-json\/wp\/v2\/pages"}],"about":[{"href":"https:\/\/www.zaluziemm.sk\/index.php\/wp-json\/wp\/v2\/types\/page"}],"author":[{"embeddable":true,"href":"https:\/\/www.zaluziemm.sk\/index.php\/wp-json\/wp\/v2\/users\/1"}],"replies":[{"embeddable":true,"href":"https:\/\/www.zaluziemm.sk\/index.php\/wp-json\/wp\/v2\/comments?post=3028"}],"version-history":[{"count":4,"href":"https:\/\/www.zaluziemm.sk\/index.php\/wp-json\/wp\/v2\/pages\/3028\/revisions"}],"predecessor-version":[{"id":3034,"href":"https:\/\/www.zaluziemm.sk\/index.php\/wp-json\/wp\/v2\/pages\/3028\/revisions\/3034"}],"wp:featuredmedia":[{"embeddable":true,"href":"https:\/\/www.zaluziemm.sk\/index.php\/wp-json\/wp\/v2\/media\/3029"}],"wp:attachment":[{"href":"https:\/\/www.zaluziemm.sk\/index.php\/wp-json\/wp\/v2\/media?parent=3028"}],"curies":[{"name":"wp","href":"https:\/\/api.w.org\/{rel}","templated":true}]}}